{"id":92,"date":"2016-10-11T15:33:10","date_gmt":"2016-10-11T15:33:10","guid":{"rendered":"http:\/\/46.101.226.177\/?page_id=92"},"modified":"2023-01-31T19:56:32","modified_gmt":"2023-01-31T19:56:32","slug":"zeiterfassung","status":"publish","type":"page","link":"https:\/\/www.jerra.de\/?page_id=92","title":{"rendered":"Zeiterfassung"},"content":{"rendered":"<p><div class=\"layout_box box\"><h2>VERTRAUEN IST GUT.<br\/><span>Biometrische kontrolle ist besser.<\/span><\/h2><div class=\"img_wrap\"><img decoding=\"async\" src=\"http:\/\/www.jerra.de\/wp-content\/uploads\/2016\/10\/home_2.png\" alt=\"VERTRAUEN IST GUT.\" width=\"50%\"><div class=\"blink zeiterfassung\"><\/div><\/div><div class=\"cont_wrap\"><div class=\"cont\"> Mit <span style=\"color: #eb0024;\">JERRA TERMINALS<\/span> f\u00fcr die Zeiterfassung sch\u00fctzen Sie ihr Unternehmen gegen Manipulationen und oft nicht nachvollziehbare Nachbuchungen aus Vergesslichkeit. Durch den Fingerabdruck sind Ihre Mitarbeiter zudem eindeutig identifizierbar. Das Kavaliersdelikt \u201ef\u00fcr Kollegen stempeln\u201c kommt ein Unternehmen einfach zu teuer, als dass man auf eine biometrische L\u00f6sung verzichten kann. Gute Freunde, strenge Zeitrechnung. Da mit unserem System ein Missbrauch nahezu ausgeschlossen ist, sparen Unternehmen bis zu 5% an Lohnkosten. Und Chipkarten braucht auch keiner mehr. Dies bringt auf lange Sicht einen Kostenvorteil gegen\u00fcber RFID-Systemen, da Anschaffung und Wiederbeschaffung der Chipkarten entf\u00e4llt. Geld, das anderswo meist besser investiert ist. <\/div><\/div><div class=\"clear\"><!----><\/div><\/div> <div class=\"layout_box one_half_box\"><h2>ZEITERFASSUNG<br\/><span>CORPORATE<\/span><\/h2><div class=\"img_wrap\"><img decoding=\"async\" src=\"http:\/\/www.jerra.de\/wp-content\/uploads\/2016\/10\/Jerra_AF_Zeiterfassungbu\u0308ro_Website.png\" alt=\"ZEITERFASSUNG\"><\/div><div class=\"cont_wrap\"><a href=\"http:\/\/www.jerra.de\/?page_id=114\" class=\"button\">Erfahren Sie mehr<\/a><\/div><\/div><\/p>\n<div class=\"layout_box one_half_box last\"><h2>ZEITERFASSUNG<br\/><span>EINZELUNTERNEHMEN<\/span><\/h2><div class=\"img_wrap\"><img decoding=\"async\" src=\"http:\/\/www.jerra.de\/wp-content\/uploads\/2016\/10\/Jerra_AF_Zeiterfassungbar_Website.png\" alt=\"ZEITERFASSUNG\" width=\"40%\"><\/div><div class=\"cont_wrap\"><a href=\"http:\/\/www.jerra.de\/?page_id=136\" class=\"button\">Erfahren Sie mehr<\/a><\/div><\/div><div class=\"clear\"><!----><\/div>\n<div class=\"layout_box one_half_box\"><h2>ZEITERFASSUNG<br\/><span>3RD PARTY<\/span><\/h2><div class=\"img_wrap\"><img decoding=\"async\" src=\"http:\/\/www.jerra.de\/wp-content\/uploads\/2016\/11\/Jerra_AF_Zeiterfassung_Handwerker_Neu_Website_NEU.png\" alt=\"ZEITERFASSUNG\"><\/div><div class=\"cont_wrap\"><a href=\"http:\/\/www.jerra.de\/?page_id=183\" class=\"button\">Erfahren Sie mehr<\/a><\/div><\/div>\n<div class=\"layout_box one_half_box last\"><h2> <br\/><span> <\/span><\/h2><div class=\"img_wrap\"><img decoding=\"async\" src=\"http:\/\/www.jerra.de\/wp-content\/uploads\/2016\/10\/empty.png\" alt=\" \"><\/div><div class=\"cont_wrap\"><\/div><\/div><div class=\"clear\"><!----><\/div>\n<div class=\"layout_box box wide\"><h2>biometrische zutrittskontrolle kommt<br\/><span>am besten komplett aus einer hand.<\/span><\/h2><div class=\"img_wrap\"><img decoding=\"async\" src=\"http:\/\/www.jerra.de\/wp-content\/uploads\/2016\/10\/tabel2.png\" alt=\"biometrische zutrittskontrolle kommt\"><\/div><div class=\"cont_wrap\"><div class=\"cont\"> Obwohl unsere Zutritts- und Zeiterfassungssysteme miteinander optimal zusammenarbeiten, tun sie das auch mit Hardware der wichtigsten Drittanbieter. Dadurch sind sie mit <span style=\"color: #eb0024;\">JERRA<\/span> nicht nur \u00e4u\u00dferst sicher, sondern auch bestens in Lohn- und Gehaltsprogramme integrierbar, egal ob KMU oder Gro\u00dfkonzern. <\/div><\/div><div class=\"clear\"><!----><\/div><\/div>\n<p style=\"text-align: center;\"><a class=\"button\" href=\"http:\/\/jerra.archimetrics.at\/embed\/ebook?mag=2\" target=\"_new\" rel=\"noopener\">ZEITERFASSUNG BROSCH\u00dcRE<\/a><\/p>\n","protected":false},"excerpt":{"rendered":"<p>ZEITERFASSUNG BROSCH\u00dcRE<\/p>\n","protected":false},"author":2,"featured_media":0,"parent":2,"menu_order":0,"comment_status":"closed","ping_status":"closed","template":"","meta":{"footnotes":""},"class_list":["post-92","page","type-page","status-publish","hentry"],"_links":{"self":[{"href":"https:\/\/www.jerra.de\/index.php?rest_route=\/wp\/v2\/pages\/92","targetHints":{"allow":["GET"]}}],"collection":[{"href":"https:\/\/www.jerra.de\/index.php?rest_route=\/wp\/v2\/pages"}],"about":[{"href":"https:\/\/www.jerra.de\/index.php?rest_route=\/wp\/v2\/types\/page"}],"author":[{"embeddable":true,"href":"https:\/\/www.jerra.de\/index.php?rest_route=\/wp\/v2\/users\/2"}],"replies":[{"embeddable":true,"href":"https:\/\/www.jerra.de\/index.php?rest_route=%2Fwp%2Fv2%2Fcomments&post=92"}],"version-history":[{"count":72,"href":"https:\/\/www.jerra.de\/index.php?rest_route=\/wp\/v2\/pages\/92\/revisions"}],"predecessor-version":[{"id":1815,"href":"https:\/\/www.jerra.de\/index.php?rest_route=\/wp\/v2\/pages\/92\/revisions\/1815"}],"up":[{"embeddable":true,"href":"https:\/\/www.jerra.de\/index.php?rest_route=\/wp\/v2\/pages\/2"}],"wp:attachment":[{"href":"https:\/\/www.jerra.de\/index.php?rest_route=%2Fwp%2Fv2%2Fmedia&parent=92"}],"curies":[{"name":"wp","href":"https:\/\/api.w.org\/{rel}","templated":true}]}}